{"id":1870,"date":"2023-08-14T14:39:41","date_gmt":"2023-08-14T20:39:41","guid":{"rendered":"https:\/\/serviciosxpress.com\/?post_type=product&#038;p=1870"},"modified":"2023-10-23T15:29:10","modified_gmt":"2023-10-23T21:29:10","slug":"caja-de-pollo-tyson-15kg-33lb","status":"publish","type":"product","link":"https:\/\/serviciosxpress.com\/index.php\/product\/caja-de-pollo-tyson-15kg-33lb\/","title":{"rendered":"Caja de pollo Tyson (15kg \/ 33lb)"},"content":{"rendered":"<p>Caja de pollo Tyson que contien 15 kg \/ 33 lb<\/p>\n<p>Las piernas de pollo son el corte perfecto para que puedas preparar platos f\u00e1ciles y deliciosos. Pru\u00e9balas asadas, guisadas o al horno y sabor\u00e9alas en cada bocado.<\/p>\n","protected":false},"excerpt":{"rendered":"<p>Caja de pollo Tyson que contien 15 kg \/ 33 lb Las piernas de pollo son el corte perfecto para que puedas preparar platos f\u00e1ciles y deliciosos. Pru\u00e9balas asadas, guisadas o al horno y sabor\u00e9alas en cada bocado.<\/p>\n","protected":false},"featured_media":1871,"template":"","meta":{"_uag_custom_page_level_css":"","site-sidebar-layout":"default","site-content-layout":"","ast-site-content-layout":"default","site-content-style":"default","site-sidebar-style":"default","ast-global-header-display":"","ast-banner-title-visibility":"","ast-main-header-display":"","ast-hfb-above-header-display":"","ast-hfb-below-header-display":"","ast-hfb-mobile-header-display":"","site-post-title":"","ast-breadcrumbs-content":"","ast-featured-img":"","footer-sml-layout":"","ast-disable-related-posts":"","theme-transparent-header-meta":"default","adv-header-id-meta":"","stick-header-meta":"","header-above-stick-meta":"","header-main-stick-meta":"","header-below-stick-meta":"","astra-migrate-meta-layouts":"set","ast-page-background-enabled":"default","ast-page-background-meta":{"desktop":{"background-color":"var(--ast-global-color-4)","background-image":"","background-repeat":"repeat","background-position":"center center","background-size":"auto","background-attachment":"scroll","background-type":"","background-media":"","overlay-type":"","overlay-color":"","overlay-opacity":"","overlay-gradient":""},"tablet":{"background-color":"","background-image":"","background-repeat":"repeat","background-position":"center center","background-size":"auto","background-attachment":"scroll","background-type":"","background-media":"","overlay-type":"","overlay-color":"","overlay-opacity":"","overlay-gradient":""},"mobile":{"background-color":"","background-image":"","background-repeat":"repeat","background-position":"center center","background-size":"auto","background-attachment":"scroll","background-type":"","background-media":"","overlay-type":"","overlay-color":"","overlay-opacity":"","overlay-gradient":""}},"ast-content-background-meta":{"desktop":{"background-color":"var(--ast-global-color-5)","background-image":"","background-repeat":"repeat","background-position":"center center","background-size":"auto","background-attachment":"scroll","background-type":"","background-media":"","overlay-type":"","overlay-color":"","overlay-opacity":"","overlay-gradient":""},"tablet":{"background-color":"var(--ast-global-color-5)","background-image":"","background-repeat":"repeat","background-position":"center center","background-size":"auto","background-attachment":"scroll","background-type":"","background-media":"","overlay-type":"","overlay-color":"","overlay-opacity":"","overlay-gradient":""},"mobile":{"background-color":"var(--ast-global-color-5)","background-image":"","background-repeat":"repeat","background-position":"center center","background-size":"auto","background-attachment":"scroll","background-type":"","background-media":"","overlay-type":"","overlay-color":"","overlay-opacity":"","overlay-gradient":""}}},"product_brand":[],"product_cat":[36],"product_tag":[],"class_list":{"0":"post-1870","1":"product","2":"type-product","3":"status-publish","4":"has-post-thumbnail","6":"product_cat-carnicos-embutidos-y-ahumados","7":"desktop-align-left","8":"tablet-align-left","9":"mobile-align-left","11":"first","12":"instock","13":"sale","14":"shipping-taxable","15":"purchasable","16":"product-type-simple"},"uagb_featured_image_src":{"full":["https:\/\/serviciosxpress.com\/wp-content\/uploads\/2023\/08\/2ca7d6d1d0a3416a5dad56010f64a5b8c65183bf_Poultry_184242_01.jpg",500,500,false],"thumbnail":["https:\/\/serviciosxpress.com\/wp-content\/uploads\/2023\/08\/2ca7d6d1d0a3416a5dad56010f64a5b8c65183bf_Poultry_184242_01-150x150.jpg",150,150,true],"medium":["https:\/\/serviciosxpress.com\/wp-content\/uploads\/2023\/08\/2ca7d6d1d0a3416a5dad56010f64a5b8c65183bf_Poultry_184242_01-300x300.jpg",300,300,true],"medium_large":["https:\/\/serviciosxpress.com\/wp-content\/uploads\/2023\/08\/2ca7d6d1d0a3416a5dad56010f64a5b8c65183bf_Poultry_184242_01.jpg",500,500,false],"large":["https:\/\/serviciosxpress.com\/wp-content\/uploads\/2023\/08\/2ca7d6d1d0a3416a5dad56010f64a5b8c65183bf_Poultry_184242_01.jpg",500,500,false],"1536x1536":["https:\/\/serviciosxpress.com\/wp-content\/uploads\/2023\/08\/2ca7d6d1d0a3416a5dad56010f64a5b8c65183bf_Poultry_184242_01.jpg",500,500,false],"2048x2048":["https:\/\/serviciosxpress.com\/wp-content\/uploads\/2023\/08\/2ca7d6d1d0a3416a5dad56010f64a5b8c65183bf_Poultry_184242_01.jpg",500,500,false],"woocommerce_thumbnail":["https:\/\/serviciosxpress.com\/wp-content\/uploads\/2023\/08\/2ca7d6d1d0a3416a5dad56010f64a5b8c65183bf_Poultry_184242_01-300x300.jpg",300,300,true],"woocommerce_single":["https:\/\/serviciosxpress.com\/wp-content\/uploads\/2023\/08\/2ca7d6d1d0a3416a5dad56010f64a5b8c65183bf_Poultry_184242_01.jpg",500,500,false],"woocommerce_gallery_thumbnail":["https:\/\/serviciosxpress.com\/wp-content\/uploads\/2023\/08\/2ca7d6d1d0a3416a5dad56010f64a5b8c65183bf_Poultry_184242_01-100x100.jpg",100,100,true]},"uagb_author_info":{"display_name":"serviciosxpress.com","author_link":"https:\/\/serviciosxpress.com\/index.php\/author\/"},"uagb_comment_info":0,"uagb_excerpt":"Caja de pollo Tyson que contien 15 kg \/ 33 lb Las piernas de pollo son el corte perfecto para que puedas preparar platos f\u00e1ciles y deliciosos. Pru\u00e9balas asadas, guisadas o al horno y sabor\u00e9alas en cada bocado.","jetpack_sharing_enabled":true,"_links":{"self":[{"href":"https:\/\/serviciosxpress.com\/index.php\/wp-json\/wp\/v2\/product\/1870","targetHints":{"allow":["GET"]}}],"collection":[{"href":"https:\/\/serviciosxpress.com\/index.php\/wp-json\/wp\/v2\/product"}],"about":[{"href":"https:\/\/serviciosxpress.com\/index.php\/wp-json\/wp\/v2\/types\/product"}],"wp:featuredmedia":[{"embeddable":true,"href":"https:\/\/serviciosxpress.com\/index.php\/wp-json\/wp\/v2\/media\/1871"}],"wp:attachment":[{"href":"https:\/\/serviciosxpress.com\/index.php\/wp-json\/wp\/v2\/media?parent=1870"}],"wp:term":[{"taxonomy":"product_brand","embeddable":true,"href":"https:\/\/serviciosxpress.com\/index.php\/wp-json\/wp\/v2\/product_brand?post=1870"},{"taxonomy":"product_cat","embeddable":true,"href":"https:\/\/serviciosxpress.com\/index.php\/wp-json\/wp\/v2\/product_cat?post=1870"},{"taxonomy":"product_tag","embeddable":true,"href":"https:\/\/serviciosxpress.com\/index.php\/wp-json\/wp\/v2\/product_tag?post=1870"}],"curies":[{"name":"wp","href":"https:\/\/api.w.org\/{rel}","templated":true}]}}